7?
47
Calculate the highest common factor of 349 and 15859607.
349
What is the greatest common factor of 59435 and 45?
5
Calculate the greatest common factor of 2 and 4910208.
2
Calculate the highest common divisor of 768 and 1176.
24
What is the highest common divisor of 1093029 and 868?
217
What is the highest common factor of 49775 and 550?
275
What is the greatest common factor of 7117432 and 2384?
1192
Calculate the greatest common factor of 4278 and 1780764.
186
Calculate the highest common factor of 288431 and 3289.
143
What is the greatest common factor of 6341566 and 22?
22
Calculate the highest common divisor of 50 and 237100.
50
What is the highest common divisor of 3201485 and 2870?
1435
What is the highest common divisor of 50225 and 14?
7
What is the highest common divisor of 2860 and 231088?
572
What is the greatest common factor of 4209 and 5307?
183
What is the highest common divisor of 88 and 766612?
44
Calculate the highest common divisor of 8153 and 19988.
263
Calculate the greatest common divisor of 492324 and 84.
84
Calculate the greatest common divisor of 816 and 11088.
48
Calculate the greatest common divisor of 6682091 and 338.
169
What is the greatest common factor of 216 and 68472?
216
What is the greatest common divisor of 16 and 1264?
16
Calculate the greatest common divisor of 477 and 217.
1
Calculate the greatest common factor of 56644 and 1445.
289
Calculate the highest common divisor of 504 and 10688.
8
Calculate the highest common factor of 917253 and 9.
9
Calculate the greatest common divisor of 819 and 12961.
13
Calculate the highest common factor of 42 and 4769394.
42
What is the greatest common factor of 376 and 6005660?
188
What is the highest common factor of 69069 and 231?
231
Calculate the greatest common divisor of 80 and 9776.
16
What is the greatest common divisor of 70144 and 48?
16
What is the greatest common factor of 148 and 3404?
148
Calculate the highest common divisor of 110 and 1420.
10
What is the highest common divisor of 585 and 1845?
45
Calculate the greatest common factor of 1283423 and 7544.
943
What is the highest common factor of 1316 and 15261652?
1316
What is the highest common factor of 292 and 3404?
4
What is the greatest common divisor of 60525 and 2025?
225
What is the highest common factor of 1433660 and 20?
20
Calculate the greatest common divisor of 6 and 519927.
3
Calculate the greatest common factor of 9639 and 833.
119
What is the greatest common divisor of 198 and 7282?
22
What is the greatest common divisor of 351028 and 1524?
508
What is the highest common divisor of 812 and 2775416?
812
What is the highest common divisor of 311 and 58779?
311
Calculate the greatest common divisor of 126420 and 396.
12
What is the greatest common divisor of 6056340 and 15?
15
What is the highest common divisor of 17952888 and 214?
214
What is the greatest common divisor of 64628 and 1057?
151
Calculate the highest common factor of 61616 and 48.
16
What is the greatest common factor of 4873 and 55?
11
What is the greatest common factor of 13769 and 6463?
281
Calculate the greatest common factor of 21976 and 29848.
328
Calculate the greatest common factor of 92712 and 24.
24
Calculate the greatest common divisor of 1869 and 7654.
89
What is the greatest common factor of 295 and 8909?
59
What is the highest common factor of 25 and 387325?
25
What is the highest common factor of 182 and 10213?
7
What is the greatest common divisor of 98 and 1609846?
98
What is the highest common factor of 28 and 182164?
4
What is the greatest common divisor of 1043913 and 10140?
507
Calculate the greatest common factor of 5905 and 4335451.
1181
Calculate the highest common factor of 5016 and 139821.
627
Calculate the highest common factor of 1050 and 16935.
15
What is the highest common divisor of 30 and 6920?
10
What is the highest common divisor of 710816 and 229?
229
Calculate the highest common factor of 1218 and 107646.
42
What is the greatest common factor of 2205 and 301?
7
What is the highest common divisor of 2994 and 342?
6
Calculate the highest common factor of 88775 and 25.
25
Calculate the highest common divisor of 1566 and 1334.
58
Calculate the greatest common divisor of 230972 and 2190.
146
Calculate the highest common divisor of 784205 and 5.
5
What is the highest common factor of 22 and 430122?
22
What is the greatest common divisor of 1378950 and 2?
2
What is the greatest common divisor of 45 and 126135?
45
What is the greatest common factor of 35136 and 63?
9
Calculate the highest common factor of 2368705 and 5.
5
What is the greatest common factor of 2163 and 42?
21
What is the highest common factor of 5 and 64765?
5
Calculate the greatest common divisor of 1106853 and 2805.
561
What is the highest common divisor of 330 and 3047?
11
Calculate the greatest common divisor of 343340 and 60.
20
What is the highest common factor of 435167 and 277?
277
What is the highest common divisor of 36562 and 808?
202
Calculate the highest common factor of 140 and 35350.
70
What is the greatest common divisor of 1196 and 14076?
92
What is the highest common factor of 1112545 and 588?
49
What is the greatest common factor of 177004 and 95?
19
What is the greatest common factor of 478868 and 26?
26
What is the highest common divisor of 7 and 64393?
7
What is the greatest common factor of 1860 and 67611?
93
What is the highest common divisor of 5389 and 6023?
317
What is the greatest common divisor of 632 and 37841?
79
Calculate the highest common divisor of 29521 and 318.
53
What is the highest common factor of 9777 and 246?
3
Calculate the highest common factor of 214869 and 9849.
201
What is the greatest common factor of 2812 and 1066?
2
What is the highest common factor of 33152 and 56?
56
Calculate the greatest common divisor of 36089 and 59033.
239
What is the highest common factor of 2529632 and 224?
224
Calculate the highest common divisor of 4 and 25916.
4
Calculate the greatest common divisor of 381 and 304927.
127
Calculate the greatest common divisor of 5198 and 8.
2
Calculate the highest common factor of 324 and 1078191.
81
Calculate the highest common factor of 314 and 226.
2
What is the highest common divisor of 161 and 8813?
7
Calculate the greatest common factor of 17225 and 86450.
325
Calculate the greatest common divisor of 30607 and 6858.
127
Calculate the highest common divisor of 687285 and 405.
405
What is the highest common factor of 11 and 1526404?
11
What is the highest common divisor of 1302 and 15996?
186
Calculate the highest common factor of 1227450 and 6.
6
What is the highest common divisor of 3 and 41077?
1
What is the highest common divisor of 12339 and 270?
27
What is the highest common divisor of 833648 and 144?
16
Calculate the highest common factor of 3808 and 6944.
224
What is the greatest common divisor of 16 and 156272?
16
Calculate the highest common factor of 120996 and 2628.
36
What is the highest common factor of 18312 and 2?
2
What is the greatest common divisor of 493 and 8653?
17
What is the greatest common divisor of 121359 and 21?
21
Calculate the highest common factor of 11324 and 171.
19
What is the highest common factor of 3 and 2336181?
3
What is the greatest common divisor of 4532 and 176?
44
Calculate the highest common factor of 209300 and 364.
364
What is the greatest common divisor of 436137 and 234?
39
What is the greatest common factor of 341 and 18172?
11
What is the highest common factor of 87 and 792831?
87
What is the greatest common divisor of 8 and 8?
8
What is the highest common divisor of 18107 and 3382?
19
What is the highest common divisor of 129 and 245229?
129
What is the highest common divisor of 203 and 610711?
29
What is the greatest common divisor of 4712 and 3472?
248
Calculate the highest common factor of 35 and 217595.
35
What is the highest common factor of 764160 and 10?
10
What is the greatest common factor of 50998 and 258?
86
What is the greatest common divisor of 5044 and 16296?
388
What is the highest common divisor of 11024 and 13144?
424
Calculate the greatest common divisor of 1950 and 10400.
650
What is the highest common divisor of 4312 and 136367?
539
Calculate the greatest common divisor of 373569 and 105.
